{"id":1274,"date":"2021-04-16T10:29:07","date_gmt":"2021-04-16T10:29:07","guid":{"rendered":"http:\/\/serviciotecnicofichet.com\/index.php\/contact\/"},"modified":"2022-07-18T09:19:35","modified_gmt":"2022-07-18T09:19:35","slug":"contact","status":"publish","type":"page","link":"https:\/\/serviciotecnicofichet.com\/index.php\/contact\/","title":{"rendered":"Contacto"},"content":{"rendered":"\n<div class=\"wp-block-media-text alignfull is-stacked-on-mobile is-vertically-aligned-center has-ast-global-color-5-background-color has-background\"><figure class=\"wp-block-media-text__media\"><img loading=\"lazy\" width=\"240\" height=\"51\" src=\"http:\/\/serviciotecnicofichet.com\/wp-content\/uploads\/2022\/06\/FICHET-LOGO-3.jpg\" alt=\"\" class=\"wp-image-1441 size-full\"\/><\/figure><div class=\"wp-block-media-text__content\">\n<h1>Contacto<\/h1>\n<\/div><\/div>\n\n\n\n<div class=\"inherit-container-width wp-container-5 wp-block-group alignfull has-ast-global-color-5-background-color has-background\"><div class=\"wp-block-group__inner-container\">\n<div class=\"wp-container-4 wp-block-columns alignwide are-vertically-aligned-center\">\n<div class=\"wp-container-1 wp-block-column\">\n<iframe src=\"https:\/\/www.google.com\/maps\/embed?pb=!1m18!1m12!1m3!1d3002.415090928022!2d1.5929672174438476!3d41.190923099999985!2m3!1f0!2f0!3f0!3m2!1i1024!2i768!4f13.1!3m3!1m2!1s0x12a38bff1233c12b%3A0x8595ce964832c35f!2sCarrer%20de%20Mil%C3%A0%20i%20Fontanals%2C%2021%2C%2043820%20Calafell%2C%20Tarragona!5e0!3m2!1ses!2ses!4v1657542237981!5m2!1ses!2ses\" style=\"border:0;\" allowfullscreen=\"\" loading=\"lazy\" referrerpolicy=\"no-referrer-when-downgrade\" width=\"600\" height=\"450\"><\/iframe>\n<\/div>\n\n\n\n<div class=\"wp-container-3 wp-block-column is-vertically-aligned-center\" style=\"flex-basis:50%\">\n<div class=\"inherit-container-width wp-container-2 wp-block-group\"><div class=\"wp-block-group__inner-container\">\n<h5 class=\"has-ast-global-color-0-color has-text-color\">Tel\u00e9fono:<\/h5>\n\n\n\n<p class=\"has-black-color has-text-color\"><strong>TEl: 877979165<\/strong><\/p>\n\n\n\n<p class=\"has-black-color has-text-color\"><strong>Direcci\u00f3n: Carrer de Mil\u00e0 i Fontanals, 21 ESC A ,6\u00ba 6\u00ba, 43820 Calafell, Tarragona<\/strong><\/p>\n\n\n\n<p class=\"has-black-color has-text-color\"><strong>Horarios: Lunes a Domingo de las 7:00h a las 00:00h <\/strong><\/p>\n<\/div><\/div>\n<\/div>\n<\/div>\n<\/div><\/div>\n\n\n\n<div class=\"inherit-container-width wp-container-6 wp-block-group alignfull has-ast-global-color-2-background-color has-background\"><div class=\"wp-block-group__inner-container\"><\/div><\/div>\n","protected":false},"excerpt":{"rendered":"<p>Contacto Tel\u00e9fono: TEl: 877979165 Direcci\u00f3n: Carrer de Mil\u00e0 i Fontanals, 21 ESC A ,6\u00ba 6\u00ba, 43820 Calafell, Tarragona Horarios: Lunes a Domingo de las 7:00h a las 00:00h<\/p>\n","protected":false},"author":1,"featured_media":0,"parent":0,"menu_order":0,"comment_status":"closed","ping_status":"closed","template":"","meta":{"om_disable_all_campaigns":false,"_monsterinsights_skip_tracking":false,"_monsterinsights_sitenote_active":false,"_monsterinsights_sitenote_note":"","_monsterinsights_sitenote_category":0,"site-sidebar-layout":"no-sidebar","site-content-layout":"plain-container","ast-global-header-display":"","ast-main-header-display":"","ast-hfb-above-header-display":"","ast-hfb-below-header-display":"","ast-hfb-mobile-header-display":"","site-post-title":"disabled","ast-breadcrumbs-content":"disabled","ast-featured-img":"disabled","footer-sml-layout":"","theme-transparent-header-meta":"disabled","adv-header-id-meta":"","stick-header-meta":"","header-above-stick-meta":"","header-main-stick-meta":"","header-below-stick-meta":""},"uagb_featured_image_src":{"full":false,"thumbnail":false,"medium":false,"medium_large":false,"large":false,"1536x1536":false,"2048x2048":false},"uagb_author_info":{"display_name":"natigime90","author_link":"https:\/\/serviciotecnicofichet.com\/index.php\/author\/natigime90\/"},"uagb_comment_info":0,"uagb_excerpt":"Contacto Tel\u00e9fono: TEl: 877979165 Direcci\u00f3n: Carrer de Mil\u00e0 i Fontanals, 21 ESC A ,6\u00ba 6\u00ba, 43820 Calafell, Tarragona Horarios: Lunes a Domingo de las 7:00h a las 00:00h","_links":{"self":[{"href":"https:\/\/serviciotecnicofichet.com\/index.php\/wp-json\/wp\/v2\/pages\/1274"}],"collection":[{"href":"https:\/\/serviciotecnicofichet.com\/index.php\/wp-json\/wp\/v2\/pages"}],"about":[{"href":"https:\/\/serviciotecnicofichet.com\/index.php\/wp-json\/wp\/v2\/types\/page"}],"author":[{"embeddable":true,"href":"https:\/\/serviciotecnicofichet.com\/index.php\/wp-json\/wp\/v2\/users\/1"}],"replies":[{"embeddable":true,"href":"https:\/\/serviciotecnicofichet.com\/index.php\/wp-json\/wp\/v2\/comments?post=1274"}],"version-history":[{"count":10,"href":"https:\/\/serviciotecnicofichet.com\/index.php\/wp-json\/wp\/v2\/pages\/1274\/revisions"}],"predecessor-version":[{"id":1461,"href":"https:\/\/serviciotecnicofichet.com\/index.php\/wp-json\/wp\/v2\/pages\/1274\/revisions\/1461"}],"wp:attachment":[{"href":"https:\/\/serviciotecnicofichet.com\/index.php\/wp-json\/wp\/v2\/media?parent=1274"}],"curies":[{"name":"wp","href":"https:\/\/api.w.org\/{rel}","templated":true}]}}